e
Is 95786567 a prime number?
True
Is 844549 a prime number?
True
Is 22709363 a composite number?
False
Is 88172599 a composite number?
True
Is 44037479 a prime number?
False
Is 6871267 a prime number?
False
Is 5282323 a composite number?
True
Is 17522377 a prime number?
False
Is 1110080957 a prime number?
True
Is 176061 composite?
True
Is 201035347 a prime number?
True
Is 5712137 a composite number?
True
Is 2580211 a composite number?
True
Is 1102327 a prime number?
False
Is 5582777 a prime number?
True
Is 2278217 a composite number?
False
Is 2108173 a composite number?
True
Is 746173 composite?
True
Is 560081 prime?
True
Is 18709 a composite number?
True
Is 124069607 prime?
True
Is 192719 prime?
False
Is 34409443 a prime number?
True
Is 971899 prime?
True
Is 67896151 a prime number?
True
Is 55880233 a composite number?
True
Is 93254957 composite?
True
Is 47489402 a prime number?
False
Is 128221 a composite number?
False
Is 11902067 prime?
True
Is 388467553 composite?
True
Is 40840369 a composite number?
True
Is 4604527 prime?
True
Is 23383861 a prime number?
True
Is 4612429 a prime number?
False
Is 4297593 composite?
True
Is 51137977 prime?
False
Is 3437699 a composite number?
False
Is 12142261 a prime number?
True
Is 961927 a composite number?
False
Is 3427 composite?
True
Is 9591401 a composite number?
False
Is 528464063 prime?
True
Is 105020563 prime?
False
Is 19289273 composite?
True
Is 3190283 composite?
False
Is 4588543 prime?
True
Is 9694381 a prime number?
False
Is 4124341 a prime number?
False
Is 1438291 a composite number?
False
Is 32029057 prime?
True
Is 110949593 composite?
False
Is 10029403 prime?
False
Is 3918517 a composite number?
True
Is 9296197 a composite number?
False
Is 2155763 a prime number?
False
Is 194352869 prime?
True
Is 2155201 a composite number?
False
Is 3544927 prime?
True
Is 3680627 a composite number?
False
Is 37314887 prime?
False
Is 525050641 composite?
False
Is 2574521 a prime number?
True
Is 152081521 composite?
False
Is 3777509 a composite number?
False
Is 4741547 composite?
False
Is 186543559 a prime number?
True
Is 4933783 a composite number?
False
Is 861395 a prime number?
False
Is 39070741 composite?
False
Is 41845247 a prime number?
False
Is 624961 prime?
True
Is 246883821 prime?
False
Is 19782859 composite?
True
Is 998353 prime?
True
Is 4975001 a prime number?
True
Is 6070679 a prime number?
True
Is 22603229 a prime number?
False
Is 16373711 composite?
False
Is 32762501 a prime number?
False
Is 25847033 composite?
True
Is 105549151 a composite number?
True
Is 3918949 a composite number?
False
Is 367039 composite?
True
Is 709927903 a prime number?
False
Is 10853137 prime?
False
Is 161406251 prime?
True
Is 243252241 a composite number?
False
Is 828543707 a prime number?
True
Is 2300971 composite?
False
Is 343256297 a prime number?
False
Is 13066439 composite?
True
Is 2194739 composite?
False
Is 842233 a prime number?
False
Is 1546459 a composite number?
True
Is 158684759 composite?
False
Is 639359759 prime?
True
Is 1237771 a composite number?
True
Is 100371 a prime number?
False
Is 32566847 a composite number?
True
Is 60560431 a composite number?
True
Is 12892309 a prime number?
False
Is 22748113 prime?
False
Is 25500823 a composite number?
True
Is 7825403 a prime number?
True
Is 105055241 composite?
True
Is 2143579193 a prime number?
False
Is 6903517 prime?
False
Is 616365331 a composite number?
False
Is 54274721 a composite number?
False
Is 2564581 composite?
True
Is 23267093 prime?
True
Is 14181217 a composite number?
False
Is 119851961 composite?
True
Is 27740311 a prime number?
False
Is 114223631 a composite number?
False
Is 1540769 prime?
False
Is 2366347 a prime number?
True
Is 90231977 a prime number?
False
Is 39424733 composite?
True
Is 1187461 prime?
False
Is 11727743 a prime number?
False
Is 202473911 prime?
False
Is 6389113 composite?
False
Is 1466999 prime?
True
Is 461008411 prime?
True
Is 285231461 a prime number?
False
Is 13878993 prime?
False
Is 47644439 prime?
True
Is 77145877 a prime number?
False
Is 92453 a composite number?
True
Is 69181807 a composite number?
True
Is 26417723 composite?
True
Is 251471749 composite?
False
Is 16367359 composite?
False
Is 40603967 prime?
True
Is 114700277 prime?
True
Is 2453665 prime?
False
Is 1118435231 composite?
False
Is 13433003 prime?
False
Is 16219843 a prime number?
False
Is 49216373 a prime number?
True
Is 829551 prime?
False
Is 21342631 composite?
False
Is 7814933 a prime number?
False
Is 417140689 composite?
True
Is 11133413 composite?
False
Is 6212377 prime?
True
Is 250929703 a prime number?
True
Is 120029729 a composite number?
True
Is 316366915 composite?
True
Is 959083 composite?
False
Is 41456231 composite?
False
Is 29219227 a prime number?
True
Is 411002939 composite?
True
Is 59102363 a composite number?
False
Is 30041 prime?
False
Is 91199369 prime?
False
Is 18934457 a composite number?
True
Is 227363 prime?
True
Is 85596647 a prime number?
True
Is 145485733 a composite number?
True
Is 97972613 prime?
True
Is 27097894 a composite number?
True
Is 6444758 composite?
True
Is 4712557 a prime number?
True
Is 247941491 a composite number?
True
Is 11894159 a prime number?
True
Is 7270789 composite?
False
Is 2012629 prime?
False
Is 216774205 composite?
True
Is 1908469 a prime number?
False
Is 23423393 composite?
True
Is 97337753 composite?
True
Is 2043739 a composite number?
False
Is 93222127 composite?
False
Is 255079 composite?
True
Is 25878387 a prime number?
False
Is 4459891 a prime number?
True
Is 364345 composite?
True
Is 60699827 a composite number?
False
Is 25596887 a prime number?
True
Is 106477289 a prime number?
False
Is 229001 prime?
False
Is 6449461 prime?
False
Is 356387 composite?
False
Is 2160337 a composite number?
False
Is 809817 composite?
True
Is 17064283 a composite number?
False
Is 7209311 a composite number?
False
Is 186616279 a composite number?
True
Is 3897871 a composite number?
False
Is 39240881 a prime number?
True
Is 2054117 a prime number?
False
Is 8499119 a prime number?
False
Is 15987791 composite?
False
Is 20765549 composite?
True
Is 3022601 composite?
False
Is 1195669 prime?
True
Is 574447 prime?
False
Is 4352351 composite?
True
Is 3614669 a composite number?
False
Is 2781147 composite?
True
Is 3189623 a prime number?
False
Is 53855 a composite number?
True
Is 4902873 prime?
False
Is 8334071 a prime number?
False
Is 1623001 prime?
False
Is 66486293 composite?
True
Is 14628469 composite?
False
Is 26339077 a prime number?
False
Is 587832797 prime?
True
Is 104826551 a prime number?
True
Is 784129 prime?
True
Is 5239081 a composite number?
False
Is 4445153 composite?
False
Is 9960163 composite?
False
Is 25839679 composite?
True
Is 43157057 prime?
True
Is 2391338 prime?
False
Is 314221043 prime?
True
Is 310849613 composite?
False
Is 5453557 composite?
False
Is 22153154 a composite number?
True
Is 19994711 a prime number?
False
Is 1101787 composite?
True
Is 115307 prime?
False
Is 204544117 composite?
False
Is 67841 a composite number?
True
Is 2679583 a prime number?
False
Is 135888887 a prime number?
True
Is 49703317 a prime number?
True
Is 2748703 a prime number?
True
Is 116291891 composite?
True
Is 586010947 a prime number?
True
Is 541181 a composite number?
False
Is 2415031 a prime number?
True
Is 35774997 prime?
False
Is 18020957 a prime number?
True
Is 417827 a composite number?
True
Is 25890493 composite?
False
Is 13375049 a composite number?
False
Is 2602891 composite?
True
Is 7049401 prime?
True
Is 10141463 composite?
False
Is 8166337 composite?
False
Is 102237977 composite?
False
Is 1125071 composite?
True
Is 13249819 prime?
False
Is 237467 a composite number?
False
Is 2601173 prime?
False
Is 845192347 composite?
False
Is 47129567 composite?
False
Is 22283771 composite?
False
Is 36014149 a composite number?
True
Is 12101123 composite?
False
Is 158620333 a prime number?
False
Is 915556969 a composite number?
True
Is 2896513 composite?
True
Is 111434447 composite?
False
Is 16701283 a composite number?
True
Is 202063637 prime?
False
Is 421491359 a composite number?
False
Is 2425901 a composite number?
True
Is 6291829 prime?
False
Is 47543297 prime?
True
Is 77871817 composite?
False
Is 1699781 a composi